{"id":51,"date":"2019-03-11T14:16:12","date_gmt":"2019-03-11T13:16:12","guid":{"rendered":"http:\/\/3dplans-projeteur.fr\/?page_id=51"},"modified":"2019-07-11T15:35:19","modified_gmt":"2019-07-11T13:35:19","slug":"nucleaire","status":"publish","type":"page","link":"https:\/\/3dplans-projeteur.fr\/?page_id=51","title":{"rendered":"Nucl\u00e9aire"},"content":{"rendered":"\n<p style=\"text-align:right\"><strong>Etudes d&#8217;\u00e9bauche<\/strong><\/p>\n\n\n\n<p style=\"text-align:right\"><strong>Etudes d&#8217;APS \/ APD<\/strong><\/p>\n\n\n\n<p style=\"text-align:right\"><strong>Imagerie des sc\u00e9narios de d\u00e9mant\u00e8lement<\/strong><\/p>\n\n\n\n<p style=\"text-align:right\"><strong>R\u00e9daction de notes techniques<\/strong><\/p>\n\n\n\n<p>Manutention \/ Levage<\/p>\n\n\n\n<p>Equipements sp\u00e9ciaux<\/p>\n\n\n\n<p>Boites \u00e0 gants<\/p>\n\n\n\n<figure class=\"wp-block-image\"><img loading=\"lazy\" width=\"1024\" height=\"614\" src=\"http:\/\/3dplans-projeteur.fr\/wp-content\/uploads\/2019\/03\/Equip-levage-1-1024x614.jpg\" alt=\"\" class=\"wp-image-86\" srcset=\"https:\/\/3dplans-projeteur.fr\/wp-content\/uploads\/2019\/03\/Equip-levage-1-1024x614.jpg 1024w, https:\/\/3dplans-projeteur.fr\/wp-content\/uploads\/2019\/03\/Equip-levage-1-300x180.jpg 300w, https:\/\/3dplans-projeteur.fr\/wp-content\/uploads\/2019\/03\/Equip-levage-1-768x461.jpg 768w, https:\/\/3dplans-projeteur.fr\/wp-content\/uploads\/2019\/03\/Equip-levage-1.jpg 1517w\" sizes=\"(max-width: 1024px) 100vw, 1024px\" \/><figcaption>Equipement de manutention<\/figcaption><\/figure>\n\n\n\n<figure class=\"wp-block-image\"><img loading=\"lazy\" width=\"829\" height=\"556\" src=\"http:\/\/3dplans-projeteur.fr\/wp-content\/uploads\/2019\/03\/B\u00e0G-exoti-1.jpg\" alt=\"\" class=\"wp-image-87\" srcset=\"https:\/\/3dplans-projeteur.fr\/wp-content\/uploads\/2019\/03\/B\u00e0G-exoti-1.jpg 829w, https:\/\/3dplans-projeteur.fr\/wp-content\/uploads\/2019\/03\/B\u00e0G-exoti-1-300x201.jpg 300w, https:\/\/3dplans-projeteur.fr\/wp-content\/uploads\/2019\/03\/B\u00e0G-exoti-1-768x515.jpg 768w\" sizes=\"(max-width: 829px) 100vw, 829px\" \/><figcaption>Ensemble de boites \u00e0 gants<\/figcaption><\/figure>\n\n\n\n<figure class=\"wp-block-image\"><img loading=\"lazy\" width=\"1024\" height=\"499\" src=\"http:\/\/3dplans-projeteur.fr\/wp-content\/uploads\/2019\/03\/Amande-4-1024x499.jpg\" alt=\"\" class=\"wp-image-109\" srcset=\"https:\/\/3dplans-projeteur.fr\/wp-content\/uploads\/2019\/03\/Amande-4-1024x499.jpg 1024w, https:\/\/3dplans-projeteur.fr\/wp-content\/uploads\/2019\/03\/Amande-4-300x146.jpg 300w, https:\/\/3dplans-projeteur.fr\/wp-content\/uploads\/2019\/03\/Amande-4-768x374.jpg 768w, https:\/\/3dplans-projeteur.fr\/wp-content\/uploads\/2019\/03\/Amande-4.jpg 1264w\" sizes=\"(max-width: 1024px) 100vw, 1024px\" \/><figcaption>3D Extension b\u00e2timent<\/figcaption><\/figure>\n\n\n\n<figure class=\"wp-block-image\"><img loading=\"lazy\" width=\"1024\" height=\"532\" src=\"http:\/\/3dplans-projeteur.fr\/wp-content\/uploads\/2019\/07\/2-Vue-densemble-2-1024x532.jpg\" alt=\"\" class=\"wp-image-119\" srcset=\"https:\/\/3dplans-projeteur.fr\/wp-content\/uploads\/2019\/07\/2-Vue-densemble-2-1024x532.jpg 1024w, https:\/\/3dplans-projeteur.fr\/wp-content\/uploads\/2019\/07\/2-Vue-densemble-2-300x156.jpg 300w, https:\/\/3dplans-projeteur.fr\/wp-content\/uploads\/2019\/07\/2-Vue-densemble-2-768x399.jpg 768w\" sizes=\"(max-width: 1024px) 100vw, 1024px\" \/><figcaption>Etude APS\/APD &#8211; Basculeur de f\u00fbts<\/figcaption><\/figure>\n","protected":false},"excerpt":{"rendered":"<p>Etudes d&#8217;\u00e9bauche Etudes d&#8217;APS \/ APD Imagerie des sc\u00e9narios de d\u00e9mant\u00e8lement R\u00e9daction de notes techniques Manutention \/ Levage Equipements sp\u00e9ciaux Boites \u00e0 gants<\/p>\n","protected":false},"author":1,"featured_media":0,"parent":0,"menu_order":0,"comment_status":"closed","ping_status":"closed","template":"","meta":[],"_links":{"self":[{"href":"https:\/\/3dplans-projeteur.fr\/index.php?rest_route=\/wp\/v2\/pages\/51"}],"collection":[{"href":"https:\/\/3dplans-projeteur.fr\/index.php?rest_route=\/wp\/v2\/pages"}],"about":[{"href":"https:\/\/3dplans-projeteur.fr\/index.php?rest_route=\/wp\/v2\/types\/page"}],"author":[{"embeddable":true,"href":"https:\/\/3dplans-projeteur.fr\/index.php?rest_route=\/wp\/v2\/users\/1"}],"replies":[{"embeddable":true,"href":"https:\/\/3dplans-projeteur.fr\/index.php?rest_route=%2Fwp%2Fv2%2Fcomments&post=51"}],"version-history":[{"count":4,"href":"https:\/\/3dplans-projeteur.fr\/index.php?rest_route=\/wp\/v2\/pages\/51\/revisions"}],"predecessor-version":[{"id":120,"href":"https:\/\/3dplans-projeteur.fr\/index.php?rest_route=\/wp\/v2\/pages\/51\/revisions\/120"}],"wp:attachment":[{"href":"https:\/\/3dplans-projeteur.fr\/index.php?rest_route=%2Fwp%2Fv2%2Fmedia&parent=51"}],"curies":[{"name":"wp","href":"https:\/\/api.w.org\/{rel}","templated":true}]}}